4293 and 81?
81
What is the highest common factor of 275 and 1550?
25
What is the highest common divisor of 32 and 2104?
8
What is the greatest common divisor of 17496 and 48?
24
What is the highest common factor of 11560 and 30?
10
Calculate the greatest common factor of 4155 and 75.
15
Calculate the greatest common factor of 704 and 1584.
176
What is the highest common divisor of 945 and 180?
45
Calculate the greatest common divisor of 171 and 19.
19
What is the greatest common divisor of 259 and 35?
7
What is the greatest common divisor of 54 and 513?
27
Calculate the highest common factor of 42 and 1554.
42
What is the highest common factor of 527 and 221?
17
Calculate the greatest common divisor of 88 and 236.
4
What is the greatest common factor of 16 and 1520?
16
Calculate the highest common divisor of 300 and 18.
6
Calculate the highest common divisor of 40 and 2900.
20
What is the greatest common factor of 1512 and 357?
21
What is the greatest common factor of 177 and 11328?
177
Calculate the highest common factor of 144 and 162.
18
What is the greatest common divisor of 174 and 5133?
87
Calculate the highest common factor of 50 and 13400.
50
What is the greatest common factor of 96 and 336?
48
Calculate the highest common factor of 1088 and 17.
17
What is the greatest common divisor of 86 and 86?
86
Calculate the greatest common factor of 12 and 6333.
3
What is the greatest common divisor of 198 and 162?
18
What is the greatest common factor of 74508 and 84?
84
Calculate the greatest common divisor of 140 and 5700.
20
What is the greatest common divisor of 75 and 30?
15
Calculate the greatest common factor of 9 and 24993.
9
Calculate the highest common factor of 243 and 1026.
27
Calculate the greatest common factor of 28 and 532.
28
Calculate the greatest common divisor of 1670 and 10.
10
What is the greatest common factor of 5 and 385?
5
Calculate the highest common divisor of 4 and 262.
2
Calculate the highest common factor of 4810 and 6660.
370
Calculate the greatest common factor of 20 and 30.
10
Calculate the highest common factor of 1403 and 61.
61
What is the greatest common divisor of 45 and 145?
5
Calculate the highest common factor of 10 and 680.
10
Calculate the greatest common divisor of 34960 and 20.
20
What is the greatest common divisor of 2130 and 15?
15
Calculate the highest common divisor of 80 and 112.
16
What is the highest common divisor of 1088 and 112?
16
Calculate the highest common factor of 171 and 27.
9
Calculate the greatest common divisor of 5 and 4610.
5
What is the greatest common divisor of 7 and 2429?
7
Calculate the highest common divisor of 522 and 116.
58
Calculate the highest common factor of 2085 and 30.
15
What is the greatest common factor of 3 and 1177?
1
What is the greatest common factor of 12 and 24?
12
Calculate the greatest common factor of 72 and 624.
24
Calculate the highest common divisor of 600 and 1920.
120
What is the highest common factor of 230 and 395?
5
Calculate the highest common factor of 64 and 304.
16
What is the greatest common divisor of 28 and 4?
4
What is the highest common divisor of 580 and 4988?
116
Calculate the highest common divisor of 32 and 224.
32
Calculate the greatest common factor of 97 and 970.
97
Calculate the greatest common divisor of 13 and 77.
1
What is the greatest common factor of 5 and 1505?
5
What is the highest common divisor of 200 and 3920?
40
What is the highest common divisor of 18 and 2178?
18
Calculate the highest common divisor of 4960 and 10.
10
Calculate the greatest common divisor of 50 and 500.
50
What is the greatest common factor of 14 and 308?
14
What is the highest common factor of 45094 and 14?
14
What is the highest common divisor of 177 and 944?
59
What is the highest common divisor of 111 and 1887?
111
Calculate the highest common divisor of 450 and 32175.
225
Calculate the highest common divisor of 184 and 207.
23
Calculate the highest common divisor of 448 and 140.
28
Calculate the greatest common divisor of 851 and 184.
23
What is the highest common divisor of 656 and 4428?
164
Calculate the greatest common factor of 50 and 4375.
25
Calculate the highest common divisor of 14 and 7742.
14
What is the highest common factor of 5 and 1025?
5
What is the greatest common factor of 106 and 477?
53
What is the highest common factor of 3780 and 105?
105
Calculate the highest common divisor of 28 and 1799.
7
What is the highest common factor of 656 and 1599?
41
Calculate the greatest common divisor of 60 and 1875.
15
What is the highest common factor of 231 and 308?
77
Calculate the highest common factor of 1265 and 1955.
115
Calculate the highest common factor of 41706 and 252.
126
What is the greatest common divisor of 15 and 423?
3
Calculate the highest common divisor of 80 and 9312.
16
What is the highest common factor of 221 and 1521?
13
What is the highest common divisor of 1658 and 2?
2
Calculate the highest common factor of 72 and 333.
9
Calculate the greatest common divisor of 385 and 455.
35
What is the greatest common factor of 885 and 2478?
177
What is the greatest common divisor of 78 and 3?
3
What is the greatest common factor of 3 and 46?
1
What is the highest common divisor of 477 and 53?
53
What is the highest common factor of 204 and 96?
12
Calculate the highest common factor of 9 and 28.
1
What is the greatest common divisor of 27 and 20763?
27
Calculate the greatest common divisor of 80 and 2060.
20
Calculate the greatest common divisor of 48 and 912.
48
Calculate the greatest common factor of 69 and 851.
23
What is the highest common factor of 22 and 1111?
11
Calculate the highest common divisor of 6 and 213.
3
Calculate the greatest common factor of 795 and 15.
15
Calculate the greatest common factor of 1025 and 41.
41
Calculate the highest common factor of 54 and 18.
18
What is the highest common divisor of 10229 and 1544?
193
What is the greatest common factor of 2976 and 186?
186
What is the highest common factor of 80 and 200?
40
Calculate the highest common factor of 6875 and 55.
55
What is the highest common factor of 4 and 2402?
2
Calculate the greatest common factor of 7420 and 700.
140
Calculate the highest common factor of 1 and 19.
1
What is the greatest common factor of 1305 and 3625?
145
Calculate the highest common divisor of 42 and 3514.
14
What is the greatest common factor of 32 and 408?
8
Calculate the greatest common factor of 28 and 266.
14
What is the highest common divisor of 1204 and 2752?
172
What is the greatest common factor of 51 and 357?
51
What is the greatest common divisor of 480 and 24?
24
Calculate the greatest common factor of 308 and 224.
28
Calculate the greatest common divisor of 33 and 3.
3
Calculate the highest common factor of 132 and 88.
44
Calculate the highest common divisor of 671 and 22.
11
What is the highest common divisor of 272 and 153?
17
Calculate the highest common factor of 352 and 132.
44
What is the greatest common factor of 78 and 15678?
78
Calculate the greatest common divisor of 2951 and 26.
13
Calculate the highest common divisor of 60 and 138.
6
Calculate the greatest common factor of 4 and 2098.
2
Calculate the highest common divisor of 516 and 5418.
258
Calculate the highest common divisor of 39 and 351.
39
What is the greatest common factor of 88 and 44?
44
What is the greatest common divisor of 150 and 270?
30
Calculate the greatest common factor of 95 and 25.
5
Calculate the highest common factor of 775 and 25.
25
What is the greatest common factor of 1700 and 50?
50
What is the greatest common divisor of 1023 and 165?
33
What is the greatest common factor of 9 and 1287?
9
Calculate the greatest common factor of 24 and 51.
3
What is the greatest common factor of 918 and 36?
18
Calculate the highest common divisor of 428 and 8.
4
Calculate the greatest common factor of 14208 and 3.
3
What is the highest common divisor of 27 and 4239?
27
Calculate the highest common divisor of 120 and 2568.
24
Calculate the highest common factor of 2385 and 54.
9
What is the greatest common divisor of 136 and 578?
34
What is the highest common factor of 7 and 287?
7
What is the greatest common divisor of 72 and 36?
36
What is the greatest common divisor of 414 and